highest common divisor of 38805 and 39845?
65
What is the greatest common factor of 45326 and 9973816?
262
What is the greatest common divisor of 2062139 and 825841?
379
What is the highest common divisor of 1036 and 1299886?
14
Calculate the highest common divisor of 4436 and 47687.
1109
Calculate the highest common factor of 363 and 67422531.
363
Calculate the highest common factor of 1366685445 and 15.
15
What is the greatest common divisor of 1122 and 880242?
66
Calculate the highest common divisor of 90757946 and 604.
302
What is the highest common factor of 6231 and 23627550?
201
Calculate the highest common divisor of 16021 and 282749.
433
Calculate the greatest common divisor of 24 and 2319059868.
12
What is the greatest common factor of 7484784 and 608?
304
What is the highest common factor of 8504514 and 3684?
1842
Calculate the greatest common factor of 34 and 5590238.
2
Calculate the greatest common factor of 2058550 and 234.
26
What is the greatest common factor of 19581219 and 16415?
469
What is the highest common factor of 5307673 and 96145?
469
What is the greatest common factor of 111452 and 550528?
748
Calculate the highest common factor of 578 and 115901.
1
What is the greatest common divisor of 35093 and 11549291?
1847
What is the greatest common factor of 4074900 and 7896?
564
Calculate the highest common divisor of 2859345 and 45.
45
Calculate the highest common factor of 68 and 1680764.
4
Calculate the highest common factor of 133 and 844132912.
133
What is the highest common factor of 41943 and 1484373?
1023
Calculate the highest common factor of 1957 and 3994427.
19
Calculate the greatest common divisor of 702 and 7557472.
26
Calculate the highest common factor of 153228 and 1236.
12
What is the highest common divisor of 45628 and 40084?
44
What is the greatest common factor of 1479 and 602475?
87
Calculate the highest common divisor of 2666843 and 652.
163
Calculate the greatest common divisor of 314517 and 27489.
357
Calculate the greatest common factor of 50931582 and 52.
26
Calculate the greatest common factor of 1826076 and 38892.
84
What is the greatest common divisor of 2745096 and 28520?
184
Calculate the greatest common factor of 5379 and 28241543.
1793
Calculate the highest common divisor of 925501760 and 1360.
1360
Calculate the highest common divisor of 94326 and 484167.
597
What is the greatest common factor of 17507261 and 3711?
1237
Calculate the highest common factor of 74732 and 330960.
28
What is the highest common factor of 8602 and 2199868?
374
What is the highest common factor of 73649 and 261689?
1567
What is the highest common factor of 768258 and 7776?
54
Calculate the highest common divisor of 10696 and 106904.
56
What is the highest common factor of 848965 and 10952?
37
What is the greatest common divisor of 160158618 and 144?
18
What is the highest common divisor of 1121834 and 56?
14
Calculate the highest common divisor of 5072 and 159664.
16
Calculate the greatest common divisor of 4939850 and 91450.
1550
Calculate the highest common factor of 2077640 and 530.
10
Calculate the greatest common factor of 120870 and 125766.
306
Calculate the highest common divisor of 416343 and 291744.
3039
What is the highest common divisor of 5436800 and 329600?
3200
What is the greatest common factor of 2136339 and 351?
9
Calculate the highest common factor of 1176 and 11727128.
56
What is the greatest common factor of 144618 and 84?
6
What is the highest common factor of 66690 and 55202030?
2470
Calculate the highest common factor of 65319212 and 56.
28
What is the highest common divisor of 84361559 and 82?
41
Calculate the greatest common factor of 538 and 56720533.
269
Calculate the greatest common factor of 94862284 and 352.
44
Calculate the highest common divisor of 4002 and 1393338321.
2001
What is the highest common factor of 7683 and 597832157?
2561
What is the greatest common factor of 1838806 and 5252?
202
What is the greatest common divisor of 120 and 820841880?
120
Calculate the highest common factor of 5390 and 26584690.
110
What is the greatest common divisor of 32197342 and 4916?
2458
Calculate the greatest common factor of 32831600 and 160.
80
What is the greatest common divisor of 48 and 19307196?
12
Calculate the greatest common divisor of 160231036 and 3752.
1876
Calculate the greatest common divisor of 6584 and 8216.
8
What is the greatest common divisor of 928343 and 53053?
13
What is the highest common divisor of 231470 and 75445?
395
What is the greatest common factor of 5285531 and 1643?
1643
What is the greatest common divisor of 81074381 and 23429?
3347
What is the highest common factor of 16 and 17105896?
8
What is the highest common factor of 1653695 and 141?
47
What is the highest common divisor of 10731804 and 83948?
2708
What is the highest common factor of 9061 and 222425?
41
What is the greatest common divisor of 4941 and 3573882?
81
What is the greatest common divisor of 249479030 and 40?
10
What is the greatest common divisor of 210 and 320301030?
210
What is the greatest common divisor of 1198750613 and 59?
59
Calculate the highest common factor of 1440 and 6013320.
120
Calculate the greatest common divisor of 3123155 and 27405.
1015
What is the highest common factor of 41320 and 277930?
10
Calculate the greatest common factor of 181148707 and 74.
37
What is the highest common factor of 10 and 105921042?
2
What is the highest common divisor of 771687 and 9072?
567
Calculate the highest common factor of 22777103 and 2648.
331
What is the greatest common factor of 6817955 and 494869?
2161
What is the highest common divisor of 872698782 and 7494?
7494
What is the highest common factor of 129659 and 40125647?
7627
What is the greatest common divisor of 250 and 2690935?
5
What is the greatest common factor of 330638728 and 56?
56
Calculate the highest common factor of 41385 and 14396640.
1335
Calculate the greatest common factor of 615 and 6668322.
123
What is the greatest common divisor of 38338983 and 153?
9
Calculate the highest common divisor of 216 and 112264.
8
Calculate the highest common factor of 764790 and 68370.
1590
Calculate the greatest common divisor of 7495663 and 87899.
3031
What is the highest common divisor of 52 and 88246990?
26
Calculate the greatest common divisor of 134992 and 13420.
44
What is the greatest common divisor of 17006062 and 640461?
5207
Calculate the highest common divisor of 840 and 2721530.
70
Calculate the highest common divisor of 7 and 84137767.
7
Calculate the greatest common factor of 201 and 6875138.
67
What is the highest common factor of 3094 and 334749142?
3094
What is the highest common factor of 5832447 and 23331?
303
What is the greatest common factor of 681 and 71504319?
681
What is the greatest common divisor of 12181917 and 10884?
2721
What is the greatest common divisor of 9680 and 241758?
242
What is the greatest common divisor of 17082 and 16611296?
1898
Calculate the highest common factor of 508692410 and 2120.
530
What is the highest common divisor of 101008 and 112693363?
6313
Calculate the greatest common divisor of 2938 and 3182306.
226
What is the highest common factor of 665 and 52668?
133
Calculate the greatest common factor of 1741585128 and 1019.
1019
Calculate the greatest common divisor of 75636 and 4493084.
764
What is the highest common divisor of 228 and 56739510?
114
What is the greatest common factor of 1991 and 3204243?
181
Calculate the highest common divisor of 56 and 87368048.
8
Calculate the greatest common divisor of 112 and 1148336.
112
Calculate the greatest common divisor of 1665400 and 400.
200
Calculate the greatest common divisor of 13239077 and 31.
31
Calculate the highest common divisor of 15 and 83833780.
5
Calculate the greatest common factor of 36389880 and 2412.
36
Calculate the highest common factor of 29028 and 273060.
492
What is the greatest common factor of 13296 and 2514?
6
Calculate the greatest common factor of 837 and 392956.
31
What is the greatest common divisor of 1340748 and 1188?
36
What is the greatest common divisor of 2538510 and 212520?
690
Calculate the greatest common divisor of 1078 and 2871735405.
539
What is the greatest common divisor of 144204322 and 674?
6